{"id":8,"date":"2025-07-17T18:25:57","date_gmt":"2025-07-17T18:25:57","guid":{"rendered":"https:\/\/sahilapartburhaniye.com\/?page_id=8"},"modified":"2025-07-26T13:44:32","modified_gmt":"2025-07-26T13:44:32","slug":"trip-search-result","status":"publish","type":"page","link":"https:\/\/sahilapartburhaniye.com\/?page_id=8","title":{"rendered":"Burhaniye\u2019de Tatil \u0130\u00e7in Haz\u0131r Daireler"},"content":{"rendered":"\t\t<div class=\"wp-travel-engine-archive-outer-wrap collapsible-filter-panel\">\n\t\t\t\t\t\t<div class=\"wp-travel-engine-archive-repeater-wrap\">\n\t\t\t\t\t\t<div class=\"wpte-toolbar-container\">\n\t\t\t<div class=\"wp-travel-toolbar trip-content-area\">\n\t\t\t\t<div class=\"wpte-trip-search-input\">\n\t\t\t\t\t<input type=\"search\" name=\"wte_search\" id=\"wte_search\" placeholder=\"Arama\">\n\t\t\t\t<\/div>\n\n\t\t\t\t<div class=\"wte-filterby-dropdown wte-ordering\">\n\t\t\t\t\t<span>Sort<\/span>\n\t\t\t\t\t<div class=\"wpte-trip__adv-field wpte__select-field\">\n\t\t\t\t\t\t<span class=\"wpte__input\" name=\"wte_orderby\" data-label=\"latest\">(Recently Added)<\/span>\n\t\t\t\t\t\t<div class=\"wpte__select-options\">\n\t\t\t\t\t\t\t<ul>\n\t\t\t\t\t\t\t\t\t\t\t\t\t\t\t\t\t\t\t\t\t\t\t\t\t\t\t<li data-value=\"latest\" data-label=\"Recently Added\" class=\"selected\" data-selected>\n\t\t\t\t\t\t\t\t\t\t\t<span>Recently Added<\/span>\n\t\t\t\t\t\t\t\t\t\t<\/li>\n\t\t\t\t\t\t\t\t\t\t\t\t\t\t\t\t\t\t\t\t\t\t\t\t\t\t\t\t\t\t\t\t\t\t\t\t<li data-value=\"rating\" data-label=\"Top Rated\" >\n\t\t\t\t\t\t\t\t\t\t\t<span>Top Rated<\/span>\n\t\t\t\t\t\t\t\t\t\t<\/li>\n\t\t\t\t\t\t\t\t\t\t\t\t\t\t\t\t\t\t\t\t\t\t\t\t\t\t\t\t\t\t\t\t\t\t\t\t<li data-value=\"price\" data-label=\"Lowest Price First\" >\n\t\t\t\t\t\t\t\t\t\t\t<span>Lowest Price First<\/span>\n\t\t\t\t\t\t\t\t\t\t<\/li>\n\t\t\t\t\t\t\t\t\t\t\t\t\t\t\t\t\t\t\t\t\t\t\t\t\t\t\t\t\t\t\t\t\t\t\t\t<li data-value=\"price-desc\" data-label=\"Highest Price First\" >\n\t\t\t\t\t\t\t\t\t\t\t<span>Highest Price First<\/span>\n\t\t\t\t\t\t\t\t\t\t<\/li>\n\t\t\t\t\t\t\t\t\t\t\t\t\t\t\t\t\t\t\t\t\t\t\t\t\t\t\t\t\t\t\t\t\t\t\t\t<li data-value=\"days\" data-label=\"Shortest Duration First\" >\n\t\t\t\t\t\t\t\t\t\t\t<span>Shortest Duration First<\/span>\n\t\t\t\t\t\t\t\t\t\t<\/li>\n\t\t\t\t\t\t\t\t\t\t\t\t\t\t\t\t\t\t\t\t\t\t\t\t\t\t\t\t\t\t\t\t\t\t\t\t<li data-value=\"days-desc\" data-label=\"Longest Duration First\" >\n\t\t\t\t\t\t\t\t\t\t\t<span>Longest Duration First<\/span>\n\t\t\t\t\t\t\t\t\t\t<\/li>\n\t\t\t\t\t\t\t\t\t\t\t\t\t\t\t\t\t\t\t\t\t\t\t\t\t\t\t\t\t\t\t\t\t\t\t\t<li data-value=\"name\" data-label=\"Alphabetical - A to Z\" >\n\t\t\t\t\t\t\t\t\t\t\t<span>Alphabetical - A to Z<\/span>\n\t\t\t\t\t\t\t\t\t\t<\/li>\n\t\t\t\t\t\t\t\t\t\t\t\t\t\t\t\t\t\t\t\t\t\t\t\t\t\t\t\t\t\t\t\t\t\t\t\t<li data-value=\"name-desc\" data-label=\"Alphabetical - Z to A\" >\n\t\t\t\t\t\t\t\t\t\t\t<span>Alphabetical - Z to A<\/span>\n\t\t\t\t\t\t\t\t\t\t<\/li>\n\t\t\t\t\t\t\t\t\t\t\t\t\t\t\t\t\t\t\t\t\t\t\t\t<\/ul>\n\t\t\t\t\t\t<\/div>\n\t\t\t\t\t<\/div>\n\t\t\t\t\t<input type=\"hidden\" name=\"rest_route\" value=\"\/wp\/v2\/pages\/8\" \/>\t\t\t\t<\/div>\n\n\t\t\t\t<div class=\"wp-travel-engine-toolbar wte-view-modes\">\n\t\t\t\t\t<span>G\u00f6r\u00fcnt\u00fcleme:<\/span>\n\t\t\t\t\t<ul class=\"wte-view-mode-selection-lists\">\n\t\t\t\t\t\t<li class=\"wte-view-mode-selection \" data-mode=\"grid\"><span><\/span><\/li>\n\t\t\t\t\t\t<li class=\"wte-view-mode-selection active\" data-mode=\"list\"><span><\/span><\/li>\n\t\t\t\t\t<\/ul>\n\t\t\t\t<\/div>\n\n\t\t\t\t\n\t\t\t\t<div class=\"wte-filter-foundposts\"><strong>6<\/strong> Trips Found<\/div>\t\t\t<\/div>\n\t\t<\/div>\n\t\t\t\t\t\t<div class=\"wte-category-outer-wrap is-loading\" data-filter-nonce=\"ad9043e579\">\n\t\t\t\t\t<div class=\"category-main-wrap category-list\"><div data-thumbnail=\"default\" class=\"category-trips-single wpte_new-layout\" style=\"--span: 20;\" itemprop=\"itemListElement\" itemscope itemtype=\"https:\/\/schema.org\/ListItem\">\n\t<div class=\"category-trips-single-inner-wrap\">\n\t\t<figure class=\"category-trip-fig\">    <a href=\"https:\/\/sahilapartburhaniye.com\/?trip=rahat-yasam-paketi\">\n        <img decoding=\"async\" width=\"990\" height=\"490\" src=\"https:\/\/sahilapartburhaniye.com\/wp-content\/uploads\/2025\/07\/sahil-apart-pansiyon-3-990x490.jpeg\" class=\"attachment-trip-single-size size-trip-single-size wp-post-image\" alt=\"\" loading=\"lazy\" \/>    <\/a>\n    <\/figure><div class=\"category-trip-content-wrap\">\n    <div class=\"category-trip-detail-wrap\">\n        <div class=\"category-trip-prc-title-wrap\">\n    <h2 class=\"category-trip-title\" itemprop=\"name\">\n        <a itemprop=\"url\" href=\"https:\/\/sahilapartburhaniye.com\/?trip=rahat-yasam-paketi\">3+1 Rahat Ya\u015fam Paketi<\/a>\n    <\/h2>\n    <meta itemprop='position' content='1' \/>    <\/div>\n\n<div class=\"category-trip-prc-wrap\">\n        <div class=\"category-trip-desti\">\n        <span class=\"category-trip-loc\">\n    <i>\n        <svg width=\"16\" height=\"17\" viewBox=\"0 0 16 17\" fill=\"none\" xmlns=\"http:\/\/www.w3.org\/2000\/svg\">\n            <path d=\"M7.99996 8.83337C9.10453 8.83337 9.99996 7.93794 9.99996 6.83337C9.99996 5.7288 9.10453 4.83337 7.99996 4.83337C6.89539 4.83337 5.99996 5.7288 5.99996 6.83337C5.99996 7.93794 6.89539 8.83337 7.99996 8.83337Z\" stroke=\"currentColor\" stroke-width=\"1.33333\" stroke-linecap=\"round\" stroke-linejoin=\"round\" \/>\n            <path d=\"M7.99996 15.1667C9.33329 12.5 13.3333 10.7789 13.3333 7.16671C13.3333 4.22119 10.9455 1.83337 7.99996 1.83337C5.05444 1.83337 2.66663 4.22119 2.66663 7.16671C2.66663 10.7789 6.66663 12.5 7.99996 15.1667Z\" stroke=\"currentColor\" stroke-width=\"1.33333\" stroke-linecap=\"round\" stroke-linejoin=\"round\" \/>\n        <\/svg>\n    <\/i>\n    <span><a rel=\"tag\" target=\"_self\" href=\"https:\/\/sahilapartburhaniye.com\/?destination=balikesir\">Bal\u0131kesir<\/a>, <a rel=\"tag\" target=\"_self\" href=\"https:\/\/sahilapartburhaniye.com\/?destination=burhaniye\">Burhaniye<\/a><\/span>\n<\/span>\n<\/div>\n<\/div>\n    <\/div>\n    <div class=\"category-trip-budget\">\n        <div class=\"wpte-trip-price-wrapper\">\n    <div class=\"wpte-trip-duration\">\n        S\u00fcre                        <span class=\"wpte-trip-duration-value\">\n                                    <\/span>\n                    <\/div>\n    <\/div>\n<div class=\"wpte-button-group\">\n    <a href=\"https:\/\/sahilapartburhaniye.com\/?trip=rahat-yasam-paketi\" class=\"wpte-button\">\n        View More    <\/a>\n    <\/div>\n    <\/div>\n<\/div>\n\t<\/div>\n<\/div>\n<div data-thumbnail=\"default\" class=\"category-trips-single wpte_new-layout\" style=\"--span: 20;\" itemprop=\"itemListElement\" itemscope itemtype=\"https:\/\/schema.org\/ListItem\">\n\t<div class=\"category-trips-single-inner-wrap\">\n\t\t<figure class=\"category-trip-fig\">    <a href=\"https:\/\/sahilapartburhaniye.com\/?trip=standart-daire-paketi-1\">\n        <img decoding=\"async\" width=\"990\" height=\"490\" src=\"https:\/\/sahilapartburhaniye.com\/wp-content\/uploads\/2025\/07\/Burhaniye-Sahil-Apart-4-990x490.jpeg\" class=\"attachment-trip-single-size size-trip-single-size wp-post-image\" alt=\"\" loading=\"lazy\" \/>    <\/a>\n    <\/figure><div class=\"category-trip-content-wrap\">\n    <div class=\"category-trip-detail-wrap\">\n        <div class=\"category-trip-prc-title-wrap\">\n    <h2 class=\"category-trip-title\" itemprop=\"name\">\n        <a itemprop=\"url\" href=\"https:\/\/sahilapartburhaniye.com\/?trip=standart-daire-paketi-1\">Standart 1+1 Daire Paketi &#8211; 1<\/a>\n    <\/h2>\n    <meta itemprop='position' content='2' \/>    <\/div>\n\n<div class=\"category-trip-prc-wrap\">\n        <div class=\"category-trip-desti\">\n        <span class=\"category-trip-loc\">\n    <i>\n        <svg width=\"16\" height=\"17\" viewBox=\"0 0 16 17\" fill=\"none\" xmlns=\"http:\/\/www.w3.org\/2000\/svg\">\n            <path d=\"M7.99996 8.83337C9.10453 8.83337 9.99996 7.93794 9.99996 6.83337C9.99996 5.7288 9.10453 4.83337 7.99996 4.83337C6.89539 4.83337 5.99996 5.7288 5.99996 6.83337C5.99996 7.93794 6.89539 8.83337 7.99996 8.83337Z\" stroke=\"currentColor\" stroke-width=\"1.33333\" stroke-linecap=\"round\" stroke-linejoin=\"round\" \/>\n            <path d=\"M7.99996 15.1667C9.33329 12.5 13.3333 10.7789 13.3333 7.16671C13.3333 4.22119 10.9455 1.83337 7.99996 1.83337C5.05444 1.83337 2.66663 4.22119 2.66663 7.16671C2.66663 10.7789 6.66663 12.5 7.99996 15.1667Z\" stroke=\"currentColor\" stroke-width=\"1.33333\" stroke-linecap=\"round\" stroke-linejoin=\"round\" \/>\n        <\/svg>\n    <\/i>\n    <span><a rel=\"tag\" target=\"_self\" href=\"https:\/\/sahilapartburhaniye.com\/?destination=balikesir\">Bal\u0131kesir<\/a>, <a rel=\"tag\" target=\"_self\" href=\"https:\/\/sahilapartburhaniye.com\/?destination=burhaniye\">Burhaniye<\/a><\/span>\n<\/span>\n<\/div>\n<\/div>\n    <\/div>\n    <div class=\"category-trip-budget\">\n        <div class=\"wpte-trip-price-wrapper\">\n    <div class=\"wpte-trip-duration\">\n        S\u00fcre                        <span class=\"wpte-trip-duration-value\">\n                                    <\/span>\n                    <\/div>\n    <\/div>\n<div class=\"wpte-button-group\">\n    <a href=\"https:\/\/sahilapartburhaniye.com\/?trip=standart-daire-paketi-1\" class=\"wpte-button\">\n        View More    <\/a>\n    <\/div>\n    <\/div>\n<\/div>\n\t<\/div>\n<\/div>\n<div data-thumbnail=\"default\" class=\"category-trips-single wpte_new-layout\" style=\"--span: 20;\" itemprop=\"itemListElement\" itemscope itemtype=\"https:\/\/schema.org\/ListItem\">\n\t<div class=\"category-trips-single-inner-wrap\">\n\t\t<figure class=\"category-trip-fig\">    <a href=\"https:\/\/sahilapartburhaniye.com\/?trip=standart-daire-paketi-2\">\n        <img decoding=\"async\" width=\"990\" height=\"490\" src=\"https:\/\/sahilapartburhaniye.com\/wp-content\/uploads\/2025\/07\/Burhaniye-Sahil-Apart-4-990x490.jpeg\" class=\"attachment-trip-single-size size-trip-single-size wp-post-image\" alt=\"\" loading=\"lazy\" \/>    <\/a>\n    <\/figure><div class=\"category-trip-content-wrap\">\n    <div class=\"category-trip-detail-wrap\">\n        <div class=\"category-trip-prc-title-wrap\">\n    <h2 class=\"category-trip-title\" itemprop=\"name\">\n        <a itemprop=\"url\" href=\"https:\/\/sahilapartburhaniye.com\/?trip=standart-daire-paketi-2\">Standart 1+1 Daire Paketi &#8211; 2<\/a>\n    <\/h2>\n    <meta itemprop='position' content='3' \/>    <\/div>\n\n<div class=\"category-trip-prc-wrap\">\n        <div class=\"category-trip-desti\">\n        <span class=\"category-trip-loc\">\n    <i>\n        <svg width=\"16\" height=\"17\" viewBox=\"0 0 16 17\" fill=\"none\" xmlns=\"http:\/\/www.w3.org\/2000\/svg\">\n            <path d=\"M7.99996 8.83337C9.10453 8.83337 9.99996 7.93794 9.99996 6.83337C9.99996 5.7288 9.10453 4.83337 7.99996 4.83337C6.89539 4.83337 5.99996 5.7288 5.99996 6.83337C5.99996 7.93794 6.89539 8.83337 7.99996 8.83337Z\" stroke=\"currentColor\" stroke-width=\"1.33333\" stroke-linecap=\"round\" stroke-linejoin=\"round\" \/>\n            <path d=\"M7.99996 15.1667C9.33329 12.5 13.3333 10.7789 13.3333 7.16671C13.3333 4.22119 10.9455 1.83337 7.99996 1.83337C5.05444 1.83337 2.66663 4.22119 2.66663 7.16671C2.66663 10.7789 6.66663 12.5 7.99996 15.1667Z\" stroke=\"currentColor\" stroke-width=\"1.33333\" stroke-linecap=\"round\" stroke-linejoin=\"round\" \/>\n        <\/svg>\n    <\/i>\n    <span><a rel=\"tag\" target=\"_self\" href=\"https:\/\/sahilapartburhaniye.com\/?destination=balikesir\">Bal\u0131kesir<\/a>, <a rel=\"tag\" target=\"_self\" href=\"https:\/\/sahilapartburhaniye.com\/?destination=burhaniye\">Burhaniye<\/a><\/span>\n<\/span>\n<\/div>\n<\/div>\n    <\/div>\n    <div class=\"category-trip-budget\">\n        <div class=\"wpte-trip-price-wrapper\">\n    <div class=\"wpte-trip-duration\">\n        S\u00fcre                        <span class=\"wpte-trip-duration-value\">\n                                    <\/span>\n                    <\/div>\n    <\/div>\n<div class=\"wpte-button-group\">\n    <a href=\"https:\/\/sahilapartburhaniye.com\/?trip=standart-daire-paketi-2\" class=\"wpte-button\">\n        View More    <\/a>\n    <\/div>\n    <\/div>\n<\/div>\n\t<\/div>\n<\/div>\n<div data-thumbnail=\"default\" class=\"category-trips-single wpte_new-layout\" style=\"--span: 20;\" itemprop=\"itemListElement\" itemscope itemtype=\"https:\/\/schema.org\/ListItem\">\n\t<div class=\"category-trips-single-inner-wrap\">\n\t\t<figure class=\"category-trip-fig\">    <a href=\"https:\/\/sahilapartburhaniye.com\/?trip=standart-daire-paketi-3\">\n        <img decoding=\"async\" width=\"990\" height=\"490\" src=\"https:\/\/sahilapartburhaniye.com\/wp-content\/uploads\/2025\/07\/Burhaniye-Sahil-Apart-4-990x490.jpeg\" class=\"attachment-trip-single-size size-trip-single-size wp-post-image\" alt=\"\" loading=\"lazy\" \/>    <\/a>\n    <\/figure><div class=\"category-trip-content-wrap\">\n    <div class=\"category-trip-detail-wrap\">\n        <div class=\"category-trip-prc-title-wrap\">\n    <h2 class=\"category-trip-title\" itemprop=\"name\">\n        <a itemprop=\"url\" href=\"https:\/\/sahilapartburhaniye.com\/?trip=standart-daire-paketi-3\">Standart 1+1 Daire Paketi &#8211; 3<\/a>\n    <\/h2>\n    <meta itemprop='position' content='4' \/>    <\/div>\n\n<div class=\"category-trip-prc-wrap\">\n        <div class=\"category-trip-desti\">\n        <span class=\"category-trip-loc\">\n    <i>\n        <svg width=\"16\" height=\"17\" viewBox=\"0 0 16 17\" fill=\"none\" xmlns=\"http:\/\/www.w3.org\/2000\/svg\">\n            <path d=\"M7.99996 8.83337C9.10453 8.83337 9.99996 7.93794 9.99996 6.83337C9.99996 5.7288 9.10453 4.83337 7.99996 4.83337C6.89539 4.83337 5.99996 5.7288 5.99996 6.83337C5.99996 7.93794 6.89539 8.83337 7.99996 8.83337Z\" stroke=\"currentColor\" stroke-width=\"1.33333\" stroke-linecap=\"round\" stroke-linejoin=\"round\" \/>\n            <path d=\"M7.99996 15.1667C9.33329 12.5 13.3333 10.7789 13.3333 7.16671C13.3333 4.22119 10.9455 1.83337 7.99996 1.83337C5.05444 1.83337 2.66663 4.22119 2.66663 7.16671C2.66663 10.7789 6.66663 12.5 7.99996 15.1667Z\" stroke=\"currentColor\" stroke-width=\"1.33333\" stroke-linecap=\"round\" stroke-linejoin=\"round\" \/>\n        <\/svg>\n    <\/i>\n    <span><a rel=\"tag\" target=\"_self\" href=\"https:\/\/sahilapartburhaniye.com\/?destination=balikesir\">Bal\u0131kesir<\/a>, <a rel=\"tag\" target=\"_self\" href=\"https:\/\/sahilapartburhaniye.com\/?destination=burhaniye\">Burhaniye<\/a><\/span>\n<\/span>\n<\/div>\n<\/div>\n    <\/div>\n    <div class=\"category-trip-budget\">\n        <div class=\"wpte-trip-price-wrapper\">\n    <div class=\"wpte-trip-duration\">\n        S\u00fcre                        <span class=\"wpte-trip-duration-value\">\n                                    <\/span>\n                    <\/div>\n    <\/div>\n<div class=\"wpte-button-group\">\n    <a href=\"https:\/\/sahilapartburhaniye.com\/?trip=standart-daire-paketi-3\" class=\"wpte-button\">\n        View More    <\/a>\n    <\/div>\n    <\/div>\n<\/div>\n\t<\/div>\n<\/div>\n<div data-thumbnail=\"default\" class=\"category-trips-single wpte_new-layout\" style=\"--span: 20;\" itemprop=\"itemListElement\" itemscope itemtype=\"https:\/\/schema.org\/ListItem\">\n\t<div class=\"category-trips-single-inner-wrap\">\n\t\t<figure class=\"category-trip-fig\">    <a href=\"https:\/\/sahilapartburhaniye.com\/?trip=standart-daire-paketi-4\">\n        <img decoding=\"async\" width=\"990\" height=\"490\" src=\"https:\/\/sahilapartburhaniye.com\/wp-content\/uploads\/2025\/07\/Burhaniye-Sahil-Apart-4-990x490.jpeg\" class=\"attachment-trip-single-size size-trip-single-size wp-post-image\" alt=\"\" loading=\"lazy\" \/>    <\/a>\n    <\/figure><div class=\"category-trip-content-wrap\">\n    <div class=\"category-trip-detail-wrap\">\n        <div class=\"category-trip-prc-title-wrap\">\n    <h2 class=\"category-trip-title\" itemprop=\"name\">\n        <a itemprop=\"url\" href=\"https:\/\/sahilapartburhaniye.com\/?trip=standart-daire-paketi-4\">Standart 1+1 Daire Paketi &#8211; 4<\/a>\n    <\/h2>\n    <meta itemprop='position' content='5' \/>    <\/div>\n\n<div class=\"category-trip-prc-wrap\">\n        <div class=\"category-trip-desti\">\n        <span class=\"category-trip-loc\">\n    <i>\n        <svg width=\"16\" height=\"17\" viewBox=\"0 0 16 17\" fill=\"none\" xmlns=\"http:\/\/www.w3.org\/2000\/svg\">\n            <path d=\"M7.99996 8.83337C9.10453 8.83337 9.99996 7.93794 9.99996 6.83337C9.99996 5.7288 9.10453 4.83337 7.99996 4.83337C6.89539 4.83337 5.99996 5.7288 5.99996 6.83337C5.99996 7.93794 6.89539 8.83337 7.99996 8.83337Z\" stroke=\"currentColor\" stroke-width=\"1.33333\" stroke-linecap=\"round\" stroke-linejoin=\"round\" \/>\n            <path d=\"M7.99996 15.1667C9.33329 12.5 13.3333 10.7789 13.3333 7.16671C13.3333 4.22119 10.9455 1.83337 7.99996 1.83337C5.05444 1.83337 2.66663 4.22119 2.66663 7.16671C2.66663 10.7789 6.66663 12.5 7.99996 15.1667Z\" stroke=\"currentColor\" stroke-width=\"1.33333\" stroke-linecap=\"round\" stroke-linejoin=\"round\" \/>\n        <\/svg>\n    <\/i>\n    <span><a rel=\"tag\" target=\"_self\" href=\"https:\/\/sahilapartburhaniye.com\/?destination=balikesir\">Bal\u0131kesir<\/a>, <a rel=\"tag\" target=\"_self\" href=\"https:\/\/sahilapartburhaniye.com\/?destination=burhaniye\">Burhaniye<\/a><\/span>\n<\/span>\n<\/div>\n<\/div>\n    <\/div>\n    <div class=\"category-trip-budget\">\n        <div class=\"wpte-trip-price-wrapper\">\n    <div class=\"wpte-trip-duration\">\n        S\u00fcre                        <span class=\"wpte-trip-duration-value\">\n                                    <\/span>\n                    <\/div>\n    <\/div>\n<div class=\"wpte-button-group\">\n    <a href=\"https:\/\/sahilapartburhaniye.com\/?trip=standart-daire-paketi-4\" class=\"wpte-button\">\n        View More    <\/a>\n    <\/div>\n    <\/div>\n<\/div>\n\t<\/div>\n<\/div>\n<div data-thumbnail=\"default\" class=\"category-trips-single wpte_new-layout\" style=\"--span: 20;\" itemprop=\"itemListElement\" itemscope itemtype=\"https:\/\/schema.org\/ListItem\">\n\t<div class=\"category-trips-single-inner-wrap\">\n\t\t<figure class=\"category-trip-fig\">    <a href=\"https:\/\/sahilapartburhaniye.com\/?trip=standart-daire-paketi-5\">\n        <img decoding=\"async\" width=\"990\" height=\"490\" src=\"https:\/\/sahilapartburhaniye.com\/wp-content\/uploads\/2025\/07\/Burhaniye-Sahil-Apart-4-990x490.jpeg\" class=\"attachment-trip-single-size size-trip-single-size wp-post-image\" alt=\"\" loading=\"lazy\" \/>    <\/a>\n    <\/figure><div class=\"category-trip-content-wrap\">\n    <div class=\"category-trip-detail-wrap\">\n        <div class=\"category-trip-prc-title-wrap\">\n    <h2 class=\"category-trip-title\" itemprop=\"name\">\n        <a itemprop=\"url\" href=\"https:\/\/sahilapartburhaniye.com\/?trip=standart-daire-paketi-5\">Standart 1+1 Daire Paketi &#8211; 5<\/a>\n    <\/h2>\n    <meta itemprop='position' content='6' \/>    <\/div>\n\n<div class=\"category-trip-prc-wrap\">\n        <div class=\"category-trip-desti\">\n        <span class=\"category-trip-loc\">\n    <i>\n        <svg width=\"16\" height=\"17\" viewBox=\"0 0 16 17\" fill=\"none\" xmlns=\"http:\/\/www.w3.org\/2000\/svg\">\n            <path d=\"M7.99996 8.83337C9.10453 8.83337 9.99996 7.93794 9.99996 6.83337C9.99996 5.7288 9.10453 4.83337 7.99996 4.83337C6.89539 4.83337 5.99996 5.7288 5.99996 6.83337C5.99996 7.93794 6.89539 8.83337 7.99996 8.83337Z\" stroke=\"currentColor\" stroke-width=\"1.33333\" stroke-linecap=\"round\" stroke-linejoin=\"round\" \/>\n            <path d=\"M7.99996 15.1667C9.33329 12.5 13.3333 10.7789 13.3333 7.16671C13.3333 4.22119 10.9455 1.83337 7.99996 1.83337C5.05444 1.83337 2.66663 4.22119 2.66663 7.16671C2.66663 10.7789 6.66663 12.5 7.99996 15.1667Z\" stroke=\"currentColor\" stroke-width=\"1.33333\" stroke-linecap=\"round\" stroke-linejoin=\"round\" \/>\n        <\/svg>\n    <\/i>\n    <span><a rel=\"tag\" target=\"_self\" href=\"https:\/\/sahilapartburhaniye.com\/?destination=balikesir\">Bal\u0131kesir<\/a>, <a rel=\"tag\" target=\"_self\" href=\"https:\/\/sahilapartburhaniye.com\/?destination=burhaniye\">Burhaniye<\/a><\/span>\n<\/span>\n<\/div>\n<\/div>\n    <\/div>\n    <div class=\"category-trip-budget\">\n        <div class=\"wpte-trip-price-wrapper\">\n    <div class=\"wpte-trip-duration\">\n        S\u00fcre                        <span class=\"wpte-trip-duration-value\">\n                                    <\/span>\n                    <\/div>\n    <\/div>\n<div class=\"wpte-button-group\">\n    <a href=\"https:\/\/sahilapartburhaniye.com\/?trip=standart-daire-paketi-5\" class=\"wpte-button\">\n        View More    <\/a>\n    <\/div>\n    <\/div>\n<\/div>\n\t<\/div>\n<\/div>\n<\/div>\t\t\t\t<\/div>\n\t\t\t\t\t\t\t\t\t<div class=\"trip-pagination\" data-max-page=\"1\" >\n\t\t\t\t\t\t\t\t\t\t\t<\/div>\n\t\t\t\t\t\t\t<\/div>\n\t\t\t<div id=\"loader\" style=\"display: none\">\n\t\t\t\t<div class=\"table\">\n\t\t\t\t\t<div class=\"table-grid\">\n\t\t\t\t\t\t<div class=\"table-cell\">\n\t\t\t\t\t\t\t<svg fill=\"currentColor\" xmlns=\"http:\/\/www.w3.org\/2000\/svg\" class=\"svg-inline--fa fa-spin\" viewBox=\"0 0 512 512\" height=\"24\" width=\"24\"><path d=\"M304 48C304 74.51 282.5 96 256 96C229.5 96 208 74.51 208 48C208 21.49 229.5 0 256 0C282.5 0 304 21.49 304 48zM304 464C304 490.5 282.5 512 256 512C229.5 512 208 490.5 208 464C208 437.5 229.5 416 256 416C282.5 416 304 437.5 304 464zM0 256C0 229.5 21.49 208 48 208C74.51 208 96 229.5 96 256C96 282.5 74.51 304 48 304C21.49 304 0 282.5 0 256zM512 256C512 282.5 490.5 304 464 304C437.5 304 416 282.5 416 256C416 229.5 437.5 208 464 208C490.5 208 512 229.5 512 256zM74.98 437C56.23 418.3 56.23 387.9 74.98 369.1C93.73 350.4 124.1 350.4 142.9 369.1C161.6 387.9 161.6 418.3 142.9 437C124.1 455.8 93.73 455.8 74.98 437V437zM142.9 142.9C124.1 161.6 93.73 161.6 74.98 142.9C56.24 124.1 56.24 93.73 74.98 74.98C93.73 56.23 124.1 56.23 142.9 74.98C161.6 93.73 161.6 124.1 142.9 142.9zM369.1 369.1C387.9 350.4 418.3 350.4 437 369.1C455.8 387.9 455.8 418.3 437 437C418.3 455.8 387.9 455.8 369.1 437C350.4 418.3 350.4 387.9 369.1 369.1V369.1z\" \/><\/svg>\t\t\t\t\t\t<\/div>\n\t\t\t\t\t<\/div>\n\t\t\t\t<\/div>\n\t\t\t<\/div>\n\t\t<\/div>\n\t\t\n","protected":false},"excerpt":{"rendered":"","protected":false},"author":1,"featured_media":0,"parent":0,"menu_order":0,"comment_status":"closed","ping_status":"closed","template":"","meta":{"footnotes":""},"class_list":["post-8","page","type-page","status-publish","hentry"],"_links":{"self":[{"href":"https:\/\/sahilapartburhaniye.com\/index.php?rest_route=\/wp\/v2\/pages\/8","targetHints":{"allow":["GET"]}}],"collection":[{"href":"https:\/\/sahilapartburhaniye.com\/index.php?rest_route=\/wp\/v2\/pages"}],"about":[{"href":"https:\/\/sahilapartburhaniye.com\/index.php?rest_route=\/wp\/v2\/types\/page"}],"author":[{"embeddable":true,"href":"https:\/\/sahilapartburhaniye.com\/index.php?rest_route=\/wp\/v2\/users\/1"}],"replies":[{"embeddable":true,"href":"https:\/\/sahilapartburhaniye.com\/index.php?rest_route=%2Fwp%2Fv2%2Fcomments&post=8"}],"version-history":[{"count":3,"href":"https:\/\/sahilapartburhaniye.com\/index.php?rest_route=\/wp\/v2\/pages\/8\/revisions"}],"predecessor-version":[{"id":1864,"href":"https:\/\/sahilapartburhaniye.com\/index.php?rest_route=\/wp\/v2\/pages\/8\/revisions\/1864"}],"wp:attachment":[{"href":"https:\/\/sahilapartburhaniye.com\/index.php?rest_route=%2Fwp%2Fv2%2Fmedia&parent=8"}],"curies":[{"name":"wp","href":"https:\/\/api.w.org\/{rel}","templated":true}]}}